base 16.
12055f
100001110110010000 (base 2) to base 8
416620
110012322302 (base 4) to base 10
5271218
What is -567810 (base 13) in base 2?
-111110011001010011111
Convert -1100113313 (base 4) to base 8.
-1202767
23004040 (base 5) to base 7
1505501
133131010001 (base 4) to base 14
1148cc9
What is 70827 (base 9) in base 7?
252601
Convert 213131420 (base 5) to base 11.
5728a3
What is -1025511 (base 7) in base 16?
-1e603
What is -10105314 (base 7) in base 8?
-3154757
-88112 (base 10) to base 12
-42ba8
-22632 (base 14) to base 2
-10100011001010100
-30921 (base 10) to base 8
-74311
What is 3669dd (base 16) in base 10?
3566045
2cb021 (base 16) to base 15
3ccb4d
What is 2102000202120 (base 3) in base 5?
311424300
Convert 7291505 (base 10) to base 11.
4130241
-2760c7 (base 15) to base 7
-22044406
210202000212 (base 3) to base 16
687aa
Convert -414331 (base 13) to base 15.
-20142d
Convert -221303031200 (base 4) to base 6.
-1030505532
Convert -6783c2 (base 13) to base 10.
-2445926
What is 6434454 (base 7) in base 14?
164d64
What is -322211133 (base 6) in base 9?
-11661433
What is 525287 (base 11) in base 12?
346bb5
What is 11110000010110111 (base 2) in base 15?
266e3
What is 356c24 (base 13) in base 4?
10312201310
What is 3776174 (base 8) in base 12?
426364
Convert -506055 (base 7) to base 5.
-10224013
Convert -33002002110 (base 4) to base 5.
-2002044000
-2110211 (base 7) to base 12
-103418
Convert -3846000 (base 10) to base 9.
-7211643
What is 4a5468 (base 11) in base 7?
6532012
31105 (base 13) to base 16
157f6
What is 760352 (base 10) in base 6?
24144052
What is -267416 (base 8) in base 15?
-1cc96
Convert -267662 (base 13) to base 11.
-586051
142246525 (base 7) to base 6
532103511
212200102 (base 4) to base 16
26812
What is 353244024 (base 6) in base 2?
11001001011010110110000
What is 72726 (base 16) in base 7?
3661455
What is 353415441 (base 6) in base 8?
31162261
What is -478a5 (base 15) in base 14?
-5d196
-1003032111 (base 4) to base 8
-1031625
Convert -10000000101001000110000 (base 2) to base 11.
-241a061
What is -1033041 (base 8) in base 3?
-112000121021
What is -3002311033 (base 4) in base 6?
-25034331
Convert -55323 (base 13) to base 15.
-30ad6
-c9ee5 (base 16) to base 11
-515468
-1b80501 (base 14) to base 15
-131a374
Convert 551b9 (base 13) to base 9.
254354
-630578 (base 13) to base 9
-4316658
-864433 (base 9) to base 5
-112440103
Convert 1210000103 (base 4) to base 6.
12440215
What is -2310130320 (base 4) in base 11?
-465355
20021322322 (base 4) to base 8
10117272
What is -766305 (base 8) in base 10?
-257221
Convert -5678310 (base 9) to base 2.
-1011101011111011010110
Convert -122210212110020 (base 3) to base 7.
-143310366
Convert -11101101111001011 (base 2) to base 15.
-26153
Convert -5087d (base 15) to base 12.
-103717
What is 5190 (base 13) in base 2?
10110000000111
2a7ed0 (base 15) to base 3
10212020202220
-272520 (base 8) to base 16
-17550
Convert -11594 (base 13) to base 16.
-7bec
-20300000 (base 4) to base 11
-24a22
100000010001000111011011 (base 2) to base 6
501144415
Convert -22100022202 (base 3) to base 8.
-500645
Convert 6232645 (base 8) to base 4.
12103112211
What is 628a (base 12) in base 11?
80a4
326486 (base 9) to base 16
2f9e5
-b7837 (base 14) to base 15
-8b5a1
Convert -13311303 (base 5) to base 4.
-201000203
What is 20101001210100 (base 3) in base 2?
1100111010110110011101
Convert 1300430 (base 6) to base 9.
116200
What is 220165 (base 9) in base 5?
13200420
13b28 (base 16) to base 10
80680
-51450 (base 14) to base 4
-233301132
11406227 (base 9) to base 14
a48699
-141200432 (base 5) to base 8
-2610175
What is 626537 (base 12) in base 2?
101111001010101111011
What is -249097 (base 10) in base 13?
-894c4
What is 3001500 (base 6) in base 16?
2244c
-caa68 (base 13) to base 7
-3054310
What is 220012020101 (base 3) in base 10?
476209
Convert -c8990 (base 13) to base 16.
-585da
Convert -1223122132 (base 4) to base 2.
-1101011011010011110
310032233 (base 4) to base 16
343af
4a03a (base 12) to base 13
36841
-6101 (base 15) to base 9
-31071
What is -34133 (base 16) in base 7?
-1545602
78315 (base 15) to base 12
165132
What is -3c003 (base 16) in base 8?
-740003
What is -101002221001 (base 3) in base 6?
-4133044
What is 1111100010000000 (base 2) in base 7?
353320
What is -1790035 (base 10) in base 14?
-3484b9
Convert 19a913 (base 11) to base 10.
307233
Convert -101010110011111100010 (base 2) to base 7.
-14631641
What is 11211101020 (base 3) in base 13?
34353
Convert -10612442 (base 7) to base 9.
-1663505
What is -1210221 (base 7) in base 5?
-14410102
Convert -1029487 (base 11) to base 16.
-1bab99
What is 4342156 (base 7) in base 2?
10000001101111000101
-8557814 (base 10) to base 15
-b409ae
Convert -3565352 (base 9) to base 8.
-7277105
What is -111000101111101100 (base 2) in base 13?
-81a41
Convert f764 (base 16) to base 9.
105778
32234011 (base 5) to base 3
111221012122
-45644a (base 11) to base 2
-10110001001110101101
What is -1100010011111100000 (base 2) in base 14?
-a7040
4a1514 (base 11) to base 13
219997
c868 (base 15) to base 7
234416
Convert -15724576 (base 8) to base 3.
-20212022221022
-5b906 (base 15) to base 12
-121189
-38a89 (base 16) to base 14
-60809
What is -12e0c (base 15) in base 13?
-21729
What is -2f5f1 (base 16) in base 11?
-122864
What is -65a4a2 (base 11) in base 15?
-15c1cc
Convert 110333212 (base 4) to base 5.
10222430
What is -211122000010 (base 3) in base 10?
-445422
What is -31540151 (base 8) in base 13?
-151a097
Convert -3160230 (base 7) to base 9.
-645116
Convert 3693104 (base 10) to base 4.
32011220300
What is -75175254 (base 8) in base 9?
-33180230
-2760556 (base 8) to base 16
-be16e
What is 333034541 (base 6) in base 7?
102125314
Convert 10011011111111101000 (base 2) to base 16.
9bfe8
2ee8cd (base 16) to base 5
1241334003
Convert 1d6422 (base 14) to base 6.
34333554
-86b4 (base 13) to base 10
-18737
Convert 10101010100010100 (base 2) to base 11.
5a669
142444441 (base 6) to base 3
12111212012021
What is 65857 (base 12) in base 9?
224164
Convert 11110100000000100 (base 2) to base 10.
124932
What is 1ab88 (base 14) in base 15?
152c2
-113040021 (base 5) to base 11
-324313
Convert -1000111101001010 (base 2) to base 5.
-2133212
What is 120022020122 (base 3) in base 6?
10242412
-2104034 (base 5) to base 13
-12b62
2300100021 (base 4) to base 5
141100204
Convert a6ef (base 16) to base 14.
11807
-80b646 (base 12) to base 15
-29aadc
317298 (base 11) to base 16
7be44
8afb4 (base 16) to base 5
121204033
Convert 115222344 (base 6) to base 9.
4140601
What is 612281 (base 10) in base 9?
1132802
Convert 42130244 (base 6) to base 8.
4530164
1001211210121111 (base 3) to base 12
5173034
-17dd7d (base 14) to base 6
-30040203
-330301301 (base 4) to base 16
-3cc71
-3705135 (base 8) to base 11
-636204
Convert -26679 (base 14) to base 7.
-542512
Convert -236531 (base 12) to base 7.
-4565500
106161445 (base 7) to base 16
633850
Convert 38f1c8 (base 16) to base 10.
3731912
What is -267382 (base 9) in base 15?
-333de
87d2 (base 16) to base 10
34770
What is -202201211111221 (base 3) in base 4?
-222002033023
-59889 (base 10) to base 12
-2a7a9
10041403 (base 5) to base 7
454503
Convert -552538 (base 9) to base 3.
-121202121022
What is -111304131 (base 5) in base 12?
-1ba06b
Convert -100101010110001 (base 2) to base 3.
-222020012
Convert -552a40 (base 12) to base 11.
-844404
Convert -11879a (base 12) to base 16.
-45766
Convert -862670 (base 12) to base 6.
-113232220
Convert -1330430330 (base 5) to base 16.
-337b10
Convert -68641 (base 11) to base 2.
-11000001111000001
Convert -560131 (base 7) to base 11.
-68017
-52374 (base 14) to base 16
-30672
Convert 23542504 (base 7) to base 8.
7773017
What is 21202120000121 (base 3) in base 5?
2023442243
109d8 (base 16) to base 9
113317
What is 114112203 (base 6) in base 8?
10162353
Convert 499a33 (base 11) to base 12.
320866
-500338 (base 13) to base 9
-3440314
134132203 (base 5) to base 2
10101001001001000011
-449a87 (base 13) to base 10
-1620990
Convert 1024134455 (base 6) to base 15.
e40dee
What is -20024123 (base 6) in base 3?
-1001121210220
What is 71696 (base 13) in base 8?
614775
-2211813 (base 9) to base 16
-122442
Convert c150a4 (base 14) to base 6.
351241052
Convert 6100129 (base 10) 